{"id":45,"date":"2026-03-03T16:42:53","date_gmt":"2026-03-03T16:42:53","guid":{"rendered":"https:\/\/gallibloom.com\/?page_id=45"},"modified":"2026-03-03T17:22:34","modified_gmt":"2026-03-03T17:22:34","slug":"refund_returns-2","status":"publish","type":"page","link":"https:\/\/gallibloom.com\/?page_id=45","title":{"rendered":"\u0130ade Politikas\u0131, Geri \u00d6deme ve MSS"},"content":{"rendered":"\t\t<div data-elementor-type=\"wp-page\" data-elementor-id=\"45\" class=\"elementor elementor-45\">\n\t\t\t\t<div class=\"elementor-element elementor-element-ccd7c39 e-grid e-con-boxed kitify-col-width-auto-no ignore-docs-style-no kitify-disable-relative-no e-root-container elementor-top-section e-con e-parent\" data-id=\"ccd7c39\" data-element_type=\"container\" data-e-type=\"container\">\n\t\t\t\t\t<div class=\"e-con-inner\">\n\t\t\t\t<div class=\"elementor-element elementor-element-a2b9319 elementor-widget elementor-widget-text-editor\" data-id=\"a2b9319\" data-element_type=\"widget\" data-e-type=\"widget\" data-widget_type=\"text-editor.default\">\n\t\t\t\t\t\t\t\t\t<h3><strong>GER\u0130 \u00d6DEME VE \u0130ADE POL\u0130T\u0130KASI<\/strong><\/h3>\n<h3 class=\"wp-block-heading\">Ama\u00e7 ve Kapsam<\/h3>\n<p><!-- \/wp:heading --><!-- wp:paragraph --><\/p>\n<p>Bu \u0130ade ve Geri \u00d6deme Politikas\u0131, GALLIBLOOM taraf\u0131ndan i\u015fletilen <a class=\"decorated-link cursor-pointer\" target=\"_new\" rel=\"noopener\">www.gallibloom.com<\/a>\u00a0internet sitesi \u00fczerinden sat\u0131n al\u0131nan kozmetik \u00fcr\u00fcnlere ili\u015fkin iade ve geri \u00f6deme ko\u015fullar\u0131n\u0131 d\u00fczenler.<\/p>\n<p><!-- \/wp:paragraph --><!-- wp:heading {\"level\":3} --><\/p>\n<h3 class=\"wp-block-heading\">Cayma Hakk\u0131<\/h3>\n<p><!-- \/wp:heading --><!-- wp:paragraph --><\/p>\n<p data-start=\"526\" data-end=\"753\">6502 Say\u0131l\u0131 T\u00fcketicinin Korunmas\u0131 Hakk\u0131nda Kanun ve Mesafeli S\u00f6zle\u015fmeler Y\u00f6netmeli\u011fi kapsam\u0131nda t\u00fcketiciler, \u00fcr\u00fcn\u00fc teslim ald\u0131klar\u0131 tarihten itibaren <strong data-start=\"676\" data-end=\"693\">14 g\u00fcn i\u00e7inde<\/strong> herhangi bir gerek\u00e7e g\u00f6stermeksizin cayma hakk\u0131na sahiptir.<\/p>\n<p data-start=\"526\" data-end=\"753\">Cayma hakk\u0131n\u0131n kullan\u0131labilmesi i\u00e7in:<\/p>\n<ul>\n<li data-start=\"796\" data-end=\"826\">\u00dcr\u00fcn\u00fcn kullan\u0131lmam\u0131\u015f olmas\u0131,<\/li>\n<li data-start=\"829\" data-end=\"878\">Ambalaj\u0131n\u0131n a\u00e7\u0131lmam\u0131\u015f ve zarar g\u00f6rmemi\u015f olmas\u0131,<\/li>\n<li data-start=\"881\" data-end=\"956\">Koruyucu bandrol ve hijyen etiketlerinin \u00e7\u0131kar\u0131lmam\u0131\u015f olmas\u0131 gerekmektedir.<\/li>\n<\/ul>\n<p><!-- \/wp:paragraph --><!-- wp:heading {\"level\":3} --><\/p>\n<h3 class=\"wp-block-heading\">Hijyen Kapsam\u0131ndaki \u00dcr\u00fcnler<\/h3>\n<p><!-- \/wp:heading --><!-- wp:paragraph --><\/p>\n<p data-start=\"998\" data-end=\"1100\">Kozmetik \u00fcr\u00fcnler, sa\u011fl\u0131k ve hijyen a\u00e7\u0131s\u0131ndan \u00f6zel \u00fcr\u00fcnlerdir. A\u015fa\u011f\u0131daki durumlarda iade kabul edilmez:<\/p>\n<ul>\n<li data-start=\"1104\" data-end=\"1123\">Ambalaj\u0131 a\u00e7\u0131lm\u0131\u015f,<\/li>\n<li data-start=\"1126\" data-end=\"1152\">Koruma band\u0131 \u00e7\u0131kar\u0131lm\u0131\u015f,<\/li>\n<li data-start=\"1155\" data-end=\"1183\">Kullan\u0131lm\u0131\u015f veya denenmi\u015f,<\/li>\n<li data-start=\"1186\" data-end=\"1233\">Ki\u015fisel hijyen \u00fcr\u00fcn\u00fc niteli\u011fi ta\u015f\u0131yan \u00fcr\u00fcnler<\/li>\n<li data-start=\"1235\" data-end=\"1340\">Bu kapsam, Mesafeli S\u00f6zle\u015fmeler Y\u00f6netmeli\u011fi\u2019nin 15. maddesi uyar\u0131nca cayma hakk\u0131 istisnas\u0131na girmektedir.<\/li>\n<\/ul>\n<p><!-- \/wp:paragraph --><!-- wp:heading --><\/p>\n<h3 class=\"wp-block-heading\">Hasarl\u0131 veya Kusurlu \u00dcr\u00fcnler<\/h3>\n<p><!-- \/wp:heading --><!-- wp:paragraph --><\/p>\n<p data-start=\"1383\" data-end=\"1444\">Teslimat s\u0131ras\u0131nda hasarl\u0131 oldu\u011fu tespit edilen \u00fcr\u00fcnler i\u00e7in:<\/p>\n<ul>\n<li data-start=\"1448\" data-end=\"1489\">Kargo g\u00f6revlisine tutanak tutturulmal\u0131,<\/li>\n<li data-start=\"1492\" data-end=\"1545\">En ge\u00e7 3 g\u00fcn i\u00e7inde bizimle ileti\u015fime ge\u00e7ilmelidir.<\/li>\n<\/ul>\n<p data-start=\"1547\" data-end=\"1651\">\u00dcr\u00fcn inceleme sonucunda \u00fcretim hatas\u0131 veya hasar tespit edilirse \u00fccretsiz de\u011fi\u015fim veya tam iade yap\u0131l\u0131r.<\/p>\n<p><!-- \/wp:paragraph --><!-- wp:heading --><\/p>\n<h3 class=\"wp-block-heading\">\u0130ade S\u00fcreci<\/h3>\n<p><!-- \/wp:heading --><!-- wp:paragraph --><\/p>\n<p data-start=\"1677\" data-end=\"1694\">\u0130ade talebi i\u00e7in:<\/p>\n<ul>\n<li data-start=\"1698\" data-end=\"1727\">E-posta: <a class=\"decorated-link cursor-pointer\" rel=\"noopener\">info@gallibloom.com<\/a><\/li>\n<li data-start=\"1730\" data-end=\"1759\">Telefon: +90 532 281 19 86<\/li>\n<\/ul>\n<p data-start=\"1761\" data-end=\"1816\">adreslerinden bizimle ileti\u015fime ge\u00e7meniz gerekmektedir. \u0130ade onay\u0131 sonras\u0131 \u00fcr\u00fcn, taraf\u0131m\u0131zca bildirilecek kargo firmas\u0131 arac\u0131l\u0131\u011f\u0131yla g\u00f6nderilmelidir.<\/p>\n<p><!-- \/wp:paragraph --><!-- wp:heading --><\/p>\n<p><!-- \/wp:paragraph --><!-- wp:heading --><!-- \/wp:heading --><!-- wp:paragraph --><\/p>\n<h3 class=\"wp-block-heading\">Geri \u00d6deme S\u00fcreci<\/h3>\n<p><!-- \/wp:heading --><!-- wp:paragraph --><\/p>\n<p data-start=\"1943\" data-end=\"2022\">\u0130ade edilen \u00fcr\u00fcn taraf\u0131m\u0131za ula\u015ft\u0131ktan ve gerekli kontroller yap\u0131ld\u0131ktan sonra:<\/p>\n<ul>\n<li data-start=\"2026\" data-end=\"2119\">7\u201314 i\u015f g\u00fcn\u00fc i\u00e7erisinde \u00f6deme, sat\u0131n alma s\u0131ras\u0131nda kullan\u0131lan \u00f6deme y\u00f6ntemine iade edilir.<\/li>\n<li data-start=\"2122\" data-end=\"2190\">Kredi kart\u0131 iadeleri bankaya ba\u011fl\u0131 olarak de\u011fi\u015fiklik g\u00f6sterebilir.<\/li>\n<\/ul>\n<h3 class=\"wp-block-heading\">\u0130ade Kargo \u00dccreti<\/h3>\n<p><!-- \/wp:heading --><!-- wp:paragraph --><\/p>\n<ul>\n<li data-start=\"2224\" data-end=\"2360\">Cayma hakk\u0131 kapsam\u0131nda yap\u0131lan iadelerde kargo \u00fccreti [firma taraf\u0131ndan kar\u015f\u0131lan\u0131r \/ t\u00fcketiciye aittir \u2013 tercihinize g\u00f6re d\u00fczenlenir].<\/li>\n<li data-start=\"2363\" data-end=\"2425\">Kusurlu \u00fcr\u00fcnlerde kargo \u00fccreti firmam\u0131z taraf\u0131ndan kar\u015f\u0131lan\u0131r.<\/li>\n<\/ul>\n<h3 class=\"wp-block-heading\">\u0130leti\u015fim<\/h3>\n<p><!-- \/wp:heading --><!-- wp:paragraph --><\/p>\n<p data-start=\"1943\" data-end=\"2022\">GALLIBLOOM<br data-start=\"2462\" data-end=\"2465\" \/>Adres: Hoca Hamza Mahallesi Fener Sokak No:1 B Gelibolu &#8211; \u00c7ANAKKALE<br data-start=\"2486\" data-end=\"2489\" \/>E-posta: <a class=\"decorated-link cursor-pointer\" rel=\"noopener\">info@gallibloom.com<\/a><br data-start=\"2516\" data-end=\"2519\" \/>Telefon: +90 532 281 19 86<\/p>\n<p><!-- \/wp:paragraph --><\/p>\t\t\t\t\t\t\t\t<\/div>\n\t\t\t\t<div class=\"elementor-element elementor-element-b22aca4 elementor-widget elementor-widget-text-editor\" data-id=\"b22aca4\" data-element_type=\"widget\" data-e-type=\"widget\" data-widget_type=\"text-editor.default\">\n\t\t\t\t\t\t\t\t\t<h3><strong>MESAFEL\u0130 SATI\u015e S\u00d6ZLE\u015eMES\u0130<\/strong><\/h3>\n<h3 class=\"wp-block-heading\">TARAFLAR<\/h3>\n<p><!-- \/wp:heading --><!-- wp:paragraph --><\/p>\n<p data-start=\"440\" data-end=\"551\"><strong data-start=\"440\" data-end=\"450\">SATICI<\/strong><br data-start=\"450\" data-end=\"453\" \/>\u00dcnvan: GALLIBLOOM<br data-start=\"474\" data-end=\"477\" \/>Adres: Hoca Hamza Mahallesi Fener Sokak No:1 B Gelibolu &#8211; \u00c7ANAKKALE<br data-start=\"498\" data-end=\"501\" \/>Telefon: +90 532 281 19 86<br data-start=\"519\" data-end=\"522\" \/>E-posta: <a class=\"decorated-link cursor-pointer\" rel=\"noopener\">info@gallibloom.com<\/a><\/p>\n<p data-start=\"553\" data-end=\"682\"><strong data-start=\"553\" data-end=\"562\">ALICI<\/strong><br data-start=\"562\" data-end=\"565\" \/>Ad\u0131\/Soyad\u0131: [Sipari\u015f s\u0131ras\u0131nda girilen bilgiler]<br data-start=\"613\" data-end=\"616\" \/>Adres: [Teslimat Adresi]<br data-start=\"640\" data-end=\"643\" \/>Telefon: [Telefon]<br data-start=\"661\" data-end=\"664\" \/>E-posta: [E-posta]<\/p>\n<p><!-- \/wp:paragraph --><!-- wp:heading {\"level\":3} --><\/p>\n<h3 class=\"wp-block-heading\">S\u00d6ZLE\u015eMEN\u0130N KONUSU<\/h3>\n<p><!-- \/wp:heading --><!-- wp:paragraph --><\/p>\n<p data-start=\"526\" data-end=\"753\">\u0130\u015fbu s\u00f6zle\u015fmenin konusu, ALICI\u2019n\u0131n SATICI\u2019ya ait [<a class=\"decorated-link cursor-pointer\" target=\"_new\" rel=\"noopener\">www.siteadi.com<\/a>] internet sitesi \u00fczerinden elektronik ortamda sipari\u015fini verdi\u011fi, a\u015fa\u011f\u0131da nitelikleri ve sat\u0131\u015f fiyat\u0131 belirtilen \u00fcr\u00fcn\/\u00fcr\u00fcnlerin sat\u0131\u015f\u0131 ve teslimine ili\u015fkin taraflar\u0131n hak ve y\u00fck\u00fcml\u00fcl\u00fcklerinin belirlenmesidir.<\/p>\n<p><!-- \/wp:paragraph --><!-- wp:heading {\"level\":3} --><\/p>\n<h3 class=\"wp-block-heading\">\u00dcR\u00dcN B\u0130LG\u0130LER\u0130<\/h3>\n<p><!-- \/wp:heading --><!-- wp:paragraph --><\/p>\n<p data-start=\"998\" data-end=\"1100\">\u00dcr\u00fcnlerin cinsi, t\u00fcr\u00fc, miktar\u0131, marka\/modeli, rengi, adedi, sat\u0131\u015f bedeli ve \u00f6deme bilgileri sipari\u015f \u00f6zeti sayfas\u0131nda ve fatura i\u00e7eri\u011finde belirtildi\u011fi gibidir.<\/p>\n<p><!-- \/wp:paragraph --><!-- wp:heading --><\/p>\n<h3 class=\"wp-block-heading\">\u00dcR\u00dcN\u00dcN TESL\u0130M\u0130<\/h3>\n<p><!-- \/wp:heading --><!-- wp:paragraph --><\/p>\n<ul>\n<li data-start=\"1208\" data-end=\"1276\">\u00dcr\u00fcn, ALICI\u2019n\u0131n sipari\u015f s\u0131ras\u0131nda belirtti\u011fi adrese teslim edilir.<\/li>\n<li data-start=\"1279\" data-end=\"1388\">Teslimat s\u00fcresi yasal azami s\u00fcre olan 30 g\u00fcn\u00fc a\u015fmamak kayd\u0131yla sipari\u015f onay\u0131ndan itibaren [3-7] i\u015f g\u00fcn\u00fcd\u00fcr.<\/li>\n<li data-start=\"1391\" data-end=\"1460\">Kargo \u00fccreti [al\u0131c\u0131ya\/sat\u0131c\u0131ya] aittir (tercihinize g\u00f6re d\u00fczenlenir).<\/li>\n<\/ul>\n<p><!-- \/wp:paragraph --><!-- wp:heading --><\/p>\n<h3 class=\"wp-block-heading\">CAYMA HAKKI<\/h3>\n<p><!-- \/wp:heading --><!-- wp:paragraph --><\/p>\n<p data-start=\"1486\" data-end=\"1608\">ALICI, \u00fcr\u00fcn\u00fc teslim ald\u0131\u011f\u0131 tarihten itibaren <strong data-start=\"1531\" data-end=\"1548\">14 g\u00fcn i\u00e7inde<\/strong> herhangi bir gerek\u00e7e g\u00f6stermeksizin cayma hakk\u0131na sahiptir.<\/p>\n<p data-start=\"1610\" data-end=\"1647\">Cayma hakk\u0131n\u0131n kullan\u0131labilmesi i\u00e7in:<\/p>\n<ul>\n<li data-start=\"1651\" data-end=\"1681\">\u00dcr\u00fcn\u00fcn kullan\u0131lmam\u0131\u015f olmas\u0131,<\/li>\n<li data-start=\"1684\" data-end=\"1715\">Ambalaj\u0131n\u0131n a\u00e7\u0131lmam\u0131\u015f olmas\u0131,<\/li>\n<li data-start=\"1718\" data-end=\"1761\">Koruyucu bandrol\u00fcn\u00fcn \u00e7\u0131kar\u0131lmam\u0131\u015f olmas\u0131,<\/li>\n<li data-start=\"1764\" data-end=\"1821\">Hijyen etiketlerinin zarar g\u00f6rmemi\u015f olmas\u0131 gerekmektedir.<\/li>\n<\/ul>\n<p data-start=\"1823\" data-end=\"1894\">Cayma bildirimi [<a class=\"decorated-link cursor-pointer\" rel=\"noopener\">iade@siteadi.com<\/a>] adresine yaz\u0131l\u0131 olarak yap\u0131lmal\u0131d\u0131r.<\/p>\n<p><!-- \/wp:paragraph --><!-- wp:heading --><\/p>\n<p><!-- \/wp:paragraph --><!-- wp:heading --><!-- \/wp:heading --><!-- wp:paragraph --><\/p>\n<h3 class=\"wp-block-heading\">CAYMA HAKKI KAPSAMI DI\u015eINDAK\u0130 \u00dcR\u00dcNLER<\/h3>\n<p><!-- \/wp:heading --><!-- wp:paragraph --><\/p>\n<p data-start=\"1946\" data-end=\"2004\">Mesafeli S\u00f6zle\u015fmeler Y\u00f6netmeli\u011fi\u2019nin 15. maddesi uyar\u0131nca;<\/p>\n<ul>\n<li data-start=\"2008\" data-end=\"2044\">Ambalaj\u0131 a\u00e7\u0131lm\u0131\u015f kozmetik \u00fcr\u00fcnler,<\/li>\n<li data-start=\"2047\" data-end=\"2110\">Hijyen sebebiyle iadesi uygun olmayan ki\u015fisel bak\u0131m \u00fcr\u00fcnleri,<\/li>\n<li data-start=\"2113\" data-end=\"2148\">Kullan\u0131lm\u0131\u015f veya denenmi\u015f \u00fcr\u00fcnler<\/li>\n<\/ul>\n<p data-start=\"2150\" data-end=\"2174\">iade kapsam\u0131 d\u0131\u015f\u0131ndad\u0131r.<\/p>\n<h3 class=\"wp-block-heading\">\u00d6DEME VE GER\u0130 \u00d6DEME<\/h3>\n<p><!-- \/wp:heading --><!-- wp:paragraph --><\/p>\n<ul>\n<li data-start=\"2210\" data-end=\"2275\">\u00d6deme kredi kart\u0131, banka kart\u0131 veya havale\/EFT ile yap\u0131labilir.<\/li>\n<li data-start=\"2278\" data-end=\"2448\">Cayma hakk\u0131n\u0131n usul\u00fcne uygun kullan\u0131lmas\u0131 halinde, \u00fcr\u00fcn\u00fcn SATICI\u2019ya ula\u015fmas\u0131n\u0131 takiben en ge\u00e7 14 g\u00fcn i\u00e7inde \u00f6deme, kullan\u0131lan \u00f6deme y\u00f6ntemine uygun \u015fekilde iade edilir.<\/li>\n<li data-start=\"2451\" data-end=\"2518\">Banka s\u00fcre\u00e7lerinden kaynakl\u0131 gecikmelerden SATICI sorumlu de\u011fildir.<\/li>\n<\/ul>\n<h3 class=\"wp-block-heading\">AYIPLI \u00dcR\u00dcN<\/h3>\n<p><!-- \/wp:heading --><!-- wp:paragraph --><\/p>\n<p data-start=\"1943\" data-end=\"2022\">Teslim edilen \u00fcr\u00fcn\u00fcn ay\u0131pl\u0131 olmas\u0131 halinde ALICI, teslim tarihinden itibaren 2 y\u0131l i\u00e7inde T\u00fcketicinin Korunmas\u0131 Hakk\u0131nda Kanun kapsam\u0131ndaki se\u00e7imlik haklar\u0131n\u0131 kullanabilir.<\/p>\n<h3 class=\"wp-block-heading\">UYU\u015eMAZLIK DURUMU<\/h3>\n<p><!-- \/wp:heading --><!-- wp:paragraph --><\/p>\n<p data-start=\"1943\" data-end=\"2022\">Uyu\u015fmazl\u0131klarda, Ticaret Bakanl\u0131\u011f\u0131 taraf\u0131ndan belirlenen parasal s\u0131n\u0131rlar dahilinde ALICI\u2019n\u0131n yerle\u015fim yerindeki veya SATICI\u2019n\u0131n bulundu\u011fu yerdeki T\u00fcketici Hakem Heyetleri ve T\u00fcketici Mahkemeleri yetkilidir.<\/p>\n<h3 class=\"wp-block-heading\">Y\u00dcR\u00dcRL\u00dcK<\/h3>\n<p><!-- \/wp:heading --><!-- wp:paragraph --><\/p>\n<p data-start=\"1943\" data-end=\"2022\">ALICI, i\u015fbu s\u00f6zle\u015fmeyi elektronik ortamda onaylamakla t\u00fcm maddelerini okudu\u011funu, anlad\u0131\u011f\u0131n\u0131 ve kabul etti\u011fini beyan eder.<\/p>\n<p data-start=\"1943\" data-end=\"2022\">Tarih: [Sipari\u015f Tarihi]<br data-start=\"3130\" data-end=\"3133\" \/>SATICI: GALLIBLOOM<br data-start=\"3155\" data-end=\"3158\" \/>ALICI: [Ad Soyad]<\/p>\n<p><!-- \/wp:paragraph --><\/p>\t\t\t\t\t\t\t\t<\/div>\n\t\t\t\t\t<\/div>\n\t\t\t\t<\/div>\n\t\t\t\t<\/div>\n\t\t","protected":false},"excerpt":{"rendered":"<p>GER\u0130 \u00d6DEME VE \u0130ADE POL\u0130T\u0130KASI Ama\u00e7 ve Kapsam Bu \u0130ade ve Geri \u00d6deme Politikas\u0131, GALLIBLOOM taraf\u0131ndan i\u015fletilen www.gallibloom.com\u00a0internet sitesi \u00fczerinden sat\u0131n al\u0131nan kozmetik \u00fcr\u00fcnlere ili\u015fkin iade ve geri \u00f6deme ko\u015fullar\u0131n\u0131 d\u00fczenler. Cayma Hakk\u0131 6502 Say\u0131l\u0131 T\u00fcketicinin Korunmas\u0131 Hakk\u0131nda Kanun ve Mesafeli S\u00f6zle\u015fmeler Y\u00f6netmeli\u011fi kapsam\u0131nda t\u00fcketiciler, \u00fcr\u00fcn\u00fc teslim ald\u0131klar\u0131 tarihten itibaren 14 g\u00fcn i\u00e7inde herhangi bir gerek\u00e7e g\u00f6stermeksizin cayma hakk\u0131na sahiptir.\u2026<\/p>\n","protected":false},"author":1,"featured_media":0,"parent":0,"menu_order":0,"comment_status":"closed","ping_status":"closed","template":"","meta":{"footnotes":""},"class_list":["post-45","page","type-page","status-publish","hentry"],"_links":{"self":[{"href":"https:\/\/gallibloom.com\/index.php?rest_route=\/wp\/v2\/pages\/45","targetHints":{"allow":["GET"]}}],"collection":[{"href":"https:\/\/gallibloom.com\/index.php?rest_route=\/wp\/v2\/pages"}],"about":[{"href":"https:\/\/gallibloom.com\/index.php?rest_route=\/wp\/v2\/types\/page"}],"author":[{"embeddable":true,"href":"https:\/\/gallibloom.com\/index.php?rest_route=\/wp\/v2\/users\/1"}],"replies":[{"embeddable":true,"href":"https:\/\/gallibloom.com\/index.php?rest_route=%2Fwp%2Fv2%2Fcomments&post=45"}],"version-history":[{"count":23,"href":"https:\/\/gallibloom.com\/index.php?rest_route=\/wp\/v2\/pages\/45\/revisions"}],"predecessor-version":[{"id":4279,"href":"https:\/\/gallibloom.com\/index.php?rest_route=\/wp\/v2\/pages\/45\/revisions\/4279"}],"wp:attachment":[{"href":"https:\/\/gallibloom.com\/index.php?rest_route=%2Fwp%2Fv2%2Fmedia&parent=45"}],"curies":[{"name":"wp","href":"https:\/\/api.w.org\/{rel}","templated":true}]}}